est common divisor of i and 4260.
60
Suppose -n + 1878 = 3*n + g, -948 = -2*n + 4*g. Let j = -1091 - -1138. Calculate the highest common divisor of n and j.
47
Suppose 2*q - 378 = 15*q - 19*q. Calculate the greatest common factor of q and 1974.
21
Suppose 0 = 109*x - 112*x + 24. Let i = 187 + 141. What is the greatest common divisor of i and x?
8
Let t be 181/2 - (-2)/(-4). Let g = -1317 - -1372. Let a = t - g. Calculate the greatest common factor of 14 and a.
7
Suppose 2*d = 2*z + 2*z - 124, -4*z + 126 = -d. Suppose -29*k = -z*k + 36. What is the highest common factor of 4 and k?
4
Let h = 5610 - 5571. What is the greatest common divisor of 598 and h?
13
Suppose 768*v - 155 = 737*v. Let i be 55/6 - (-7)/(-42). Calculate the highest common factor of i and v.
1
Suppose 3*n = -4*d + 39, -75 = -2*d + 2*n - 73. What is the highest common factor of d and 502?
2
Let n be (182/28)/(2/(-12)). Let w = n - -48. Suppose -s = -0*s + f - w, s + 2*f - 13 = 0. Calculate the greatest common factor of s and 15.
5
Suppose 5*p - 2*q + 0*q - 44 = 0, 4*p = q + 34. Let b = -11 - -13. Calculate the highest common divisor of p and b.
2
Let v be 1*(12/(-18) + 0)*63. Let c be (-2)/21 + (-1138)/v. Calculate the greatest common factor of 207 and c.
9
Let i be 7141 + -4 + 40 + -20. What is the greatest common factor of i and 51?
17
Suppose -2520 = 2203*d - 2263*d. Suppose 5*y + 14 = 74. Calculate the greatest common factor of y and d.
6
Let p be 4/(-18) - 527098/(-1881). What is the highest common divisor of p and 500?
20
Suppose 0 = z - 2*z + 49. Let d = 793 - 401. What is the greatest common divisor of d and z?
49
Let h = 438 - 433. Suppose l = h*z - 8, -2*l - 2*z = -5*z - 12. Let m = -38 - -170. Calculate the greatest common divisor of l and m.
12
Suppose 2002 = -10*v + 17*v. Suppose 0*w = -4*y - 2*w + v, 4*w = -4*y + 296. Calculate the greatest common factor of 46 and y.
23
Let b(c) = 59*c - 277. Let n be ((-2)/6)/((-4)/72). Let z be b(n). Calculate the greatest common divisor of z and 28.
7
Let d = -21435 + 21480. Let k(z) = z**2 + 18. Let h be k(0). Calculate the highest common factor of d and h.
9
Suppose 14*h + 189 - 861 = 0. What is the greatest common divisor of h and 7584?
48
Let n be 35037/1173 + (-48)/(-368). Let u be (-4)/14 - (-14)/49. Suppose u*m = 2*m - 90. Calculate the highest common factor of m and n.
15
Let y(i) = 21*i + 30 - 2*i**2 + i**3 + 7*i**2 + 2*i**2 + 5*i**2. Let u be y(-10). What is the highest common divisor of u and 8?
4
Let m = -951 + 2553. Suppose m + 510 = 8*p. Suppose 5*v - 33 = -2*r, -3*v + 123 = 5*r - 4*v. Calculate the greatest common factor of p and r.
24
Suppose 2*c = -3*s + 2*s + 38, 4*s - 128 = -2*c. Let t(l) = l**2 + 10*l - 6. Let f be t(-15). Let j = 84 - f. What is the highest common factor of j and s?
15
Suppose 39*b - 33*b - 834 = 0. Let m = 114 + b. Calculate the greatest common divisor of m and 11.
11
Let y(t) = 70*t - 8. Let w = 88 - 87. Let n be y(w). Suppose 8*r - 114 = n. What is the greatest common factor of 88 and r?
22
Let l(j) = 17*j + 13. Let z be l(6). Let y = 80 + -143. Let b be (-4)/(-3) - 1365/y. What is the highest common divisor of b and z?
23
Let g = 182 + -78. Suppose 3*s - 56 + 7 = -4*v, -55 = -4*v + 3*s. What is the highest common factor of g and v?
13
Suppose 4*h - 3*h = 0. Let i be (-364)/(-13)*3/2. Suppose -5*m - z + i = h, 33 = 5*m - m + z. What is the greatest common factor of m and 45?
9
Suppose 11*r = 14*r - 84. Suppose 36 = 2*j - 4*u, r = -4*j + u + 135. What is the greatest common factor of 7 and j?
7
Let x be (-4)/16 - (-7557)/132. Let m be 1 + 626/4*4. What is the greatest common factor of x and m?
57
Suppose 0*n + 60 = 5*v + n, 36 = 3*v + 3*n. Suppose 4*c = v - 8. Let m be (-34)/(-10) + (-18)/(-30). What is the highest common divisor of m and c?
1
Suppose -r - 570*f = -575*f - 10350, 0 = -4*r + 5*f + 41475. Calculate the highest common divisor of 125 and r.
125
Suppose -2*f - 22 = -2*a, -4*a - 17*f - 4 = 15. What is the greatest common divisor of 9852 and a?
4
Suppose -5*g + 6*k + 272 = 10*k, 2*g = 2*k + 98. Let c be ((-1)/2)/((-4)/(-16)). Let t be -1 - c - (-258)/2. Calculate the greatest common factor of t and g.
26
Suppose -2*s = 5*t - 23, 6 = -t - t. Suppose s*z = 18*z. Suppose 6*f - 30 = -z*f. What is the highest common factor of f and 40?
5
Let p be 26/260 + 49676/40. What is the highest common factor of 378 and p?
54
Let w be (-12 + (-992)/(-93))/(2/(-162)). Calculate the greatest common factor of 14256 and w.
108
Let r be (-255)/(-6) - (-2)/(-4). Let n(u) = 6*u**2 - 2*u + 65. Let l be n(8). Let a = l - 405. What is the greatest common factor of r and a?
14
Let d be (-1 - (-2)/(-6)) + (-440)/12. Let m be (-6722)/d + -5 - 4/(-38). Calculate the greatest common divisor of 43 and m.
43
Let q(b) = -2*b**2 - 80*b + 930. Let r be q(-45). What is the greatest common divisor of r and 816?
48
Let p = 174 + -171. Suppose -108 = -2*y + 4*a + 18, -p*a + 263 = 5*y. What is the highest common factor of y and 11?
11
Suppose -i = -3*r - 42, 0 = -5*i + 38*r - 34*r + 199. Calculate the greatest common factor of 767 and i.
13
Let o = -2647 - -3172. Calculate the greatest common divisor of o and 2050.
25
Let o be 2*-3 - (-4 + -579 + 1). What is the highest common factor of 120 and o?
24
Let z(k) = k**3 + 33*k**2 + 94*k - 8. Let h be z(-29). Calculate the greatest common factor of h and 294.
42
Suppose -140 = -13*j + 263. Suppose -j = -2*k + 431. Suppose 4*p - 105 = -p. What is the greatest common factor of k and p?
21
Let j(k) = 3*k - 2 + 22*k**2 - 14*k + 5*k + 7*k. Let h be j(1). Calculate the highest common factor of h and 21.
21
Suppose -7695 - 4280 - 4447 = -42*c. What is the greatest common divisor of 153 and c?
17
Suppose 4*s + 16 = 2*a - 8, -48 = -4*a + 4*s. Suppose a*l - 21 = 327. Suppose 0 = -3*k + 454 - 19. Calculate the greatest common divisor of k and l.
29
Let k(x) = -x**3 - 26*x**2 - 40*x - 127. Let u be k(-26). Calculate the greatest common factor of 1079 and u.
83
Let q be 601/7 - 3 - 8/(-56). Suppose -82*a + q*a = 15. Calculate the highest common factor of a and 150.
15
Suppose 2 = -11*l - 20. Let x be l/6 + 21/9. Suppose d = -x*n - d - 2, 0 = -3*d - 6. What is the greatest common divisor of n and 4?
1
Suppose 4*j = 3*j + 82. Suppose -6*h - 70 = -2*d - 3*h, -4*d = 3*h - 104. Let g be 408/2 + (d - 28). Calculate the greatest common factor of j and g.
41
Let z be -1 + (-63)/(-6) + (-39)/(-78). Suppose 0 = -2*q + 6. Suppose -4*g + 3*r - 4*r = -282, q*r = -g + 76. Calculate the greatest common divisor of g and z.
10
Suppose -6*f = -f - 30. Let s be (206/(-4))/(6/(-24)) + 2. Suppose 8*p - 322 = 3*p - 4*v, 0 = 3*p - 5*v - s. Calculate the greatest common factor of f and p.
6
Suppose 0 = -26*i + 71 + 59. Suppose -3*l = -12, i*d + 16*l = 15*l + 409. Let g = 18 + -9. Calculate the greatest common factor of g and d.
9
Let w be 846/2820 - ((2 - 5) + (-7614)/20). Calculate the greatest common factor of 105 and w.
3
Let b(z) = z**2 + z - 23. Let g be b(8). Let k(s) = -6*s - 28. Let c be k(-7). What is the greatest common factor of c and g?
7
Let x(s) = -s**2 - 14*s - 50. Let r be x(-10). Let l be (-5)/(r/124) - -5. What is the greatest common divisor of l and 603?
67
Let n be (4 + -5)/((-300)/(-42) + -7) - -125. Calculate the highest common divisor of 3835 and n.
59
Suppose -4*c - q = -0*q - 12, -12 = 2*c - 4*q. Let x be c - -127 - (-1)/1. Let k be x - ((-20)/11 + (-8)/44). What is the highest common divisor of k and 12?
12
Let k = -37 + 37. Suppose k = 2*z + 8 - 4. Let m be (8/(-6))/((8/6)/z). Calculate the greatest common factor of m and 9.
1
Suppose 45*b - 3001 + 1278 = 4442. Let u be -26*(4 + (-2)/(-2)). Let l = b + u. Calculate the highest common factor of l and 42.
7
Let q be (-3*2/(-4))/(20/(-8) + 3). Calculate the greatest common factor of q and 615.
3
Let t(s) = 2*s**2 - 5*s + 1. Let v = -23 + 30. Let b be t(v). Let l be 4/(-6)*12/(-1). What is the highest common divisor of l and b?
8
Let s = -3767 + 3837. Calculate the highest common factor of 1505 and s.
35
Suppose -7*x + 715 = -195. Let f = x + -108. What is the greatest common divisor of 6 and f?
2
Let g(i) = -i**2 - 32*i - 25. Let p be g(-30). Let v = p + -31. What is the greatest common divisor of v and 28?
4
Let k be 0 + -4 - (36 